{"id":187,"date":"2020-06-25T12:41:35","date_gmt":"2020-06-25T12:41:35","guid":{"rendered":"https:\/\/www.violin-studio.pt\/?page_id=187"},"modified":"2021-07-13T13:08:07","modified_gmt":"2021-07-13T13:08:07","slug":"descripcion-de-propiedad","status":"publish","type":"page","link":"https:\/\/www.violin-studio.pt\/?page_id=187&lang=es","title":{"rendered":"Descripci\u00f3n de propiedad"},"content":{"rendered":"\n<p>El Violin Studio, situado en el centro de Oporto, a poca distancia del mercado de la ciudad de Bolh\u00e3o y el coliseo de Oporto, ofrece wifi gratis, aire acondicionado y art\u00edculos para el hogar, como fogones y hervidor de agua. El apartamento dispone de aparcamiento privado y se encuentra a 2,1 km del mercado Ferreira Borges.<\/p>\n\n\n\n<p>El apartamento cuenta con 1 dormitorio, TV de pantalla plana con canales por cable, zona de cocina equipada con nevera y horno, m\u00e1quina de deseos y 1 ba\u00f1o con bidet.<\/p>\n\n\n\n<p>La Torre de los Cl\u00e9rigos se encuentra a 2,2 km del Oporto Near Violin, mientras que la librer\u00eda Leilo est\u00e1 a 2,4 km. El aeropuerto m\u00e1s cercano es Francisco S\u00e1 Carneiro, a 16 km del alojamiento, y el establecimiento ofrece un servicio de traslado al aeropuerto de pago.<\/p>\n\n\n\n<p>Nuestros clientes dicen que esta es la parte favorita de Oporto, seg\u00fan comentarios independientes.<\/p>\n\n\n\n<p>Oporto Near Violin se encuentra junto a la tradicional Pra\u00e7a dos Poveiros, a 5 minutos a pie de Run de Santa Catarina, rodeado de antiguas tiendas de comestibles y cerca del famoso Caf\u00e9 Majestic, caracter\u00edstico de la Belle Epoque. El apartamento est\u00e1 equipado con aire acondicionado, una cocina totalmente amueblada, una cafetera y un juego completo de utensilios de cocina de calidad, lo que permite a los hu\u00e9spedes preparar sus propias comidas con productos frescos comprados en el famoso mercado de Bolh\u00e2o, a 4 minutos del apartamento. La estaci\u00f3n de metro de Bolh\u00e3o est\u00e1 a 300 metros, con conexi\u00f3n directa al aeropuerto Francisco S\u00e1 Carneiro. El apartamento principal se encuentra a poca distancia de los principales lugares de inter\u00e9s de la ciudad y de sus principales brasieres y restaurantes. La estaci\u00f3n de metro de Bolh\u00e3o tiene conexi\u00f3n directa con el aeropuerto Francisco S\u00e1 Carneiro.<\/p>\n","protected":false},"excerpt":{"rendered":"<p>El Violin Studio, situado en el centro de Oporto, a poca distancia del mercado de la ciudad de Bolh\u00e3o y el coliseo de Oporto, ofrece wifi gratis, aire acondicionado y art\u00edculos para el hogar, como fogones y hervidor de agua. El apartamento dispone de aparcamiento privado y se encuentra a 2,1 km del mercado Ferreira &hellip; <\/p>\n<p class=\"link-more\"><a href=\"https:\/\/www.violin-studio.pt\/?page_id=187&#038;lang=es\" class=\"more-link\">Continue reading<span class=\"screen-reader-text\"> &#8220;Descripci\u00f3n de propiedad&#8221;<\/span><\/a><\/p>\n","protected":false},"author":1,"featured_media":0,"parent":0,"menu_order":0,"comment_status":"closed","ping_status":"closed","template":"","meta":[],"_links":{"self":[{"href":"https:\/\/www.violin-studio.pt\/index.php?rest_route=\/wp\/v2\/pages\/187"}],"collection":[{"href":"https:\/\/www.violin-studio.pt\/index.php?rest_route=\/wp\/v2\/pages"}],"about":[{"href":"https:\/\/www.violin-studio.pt\/index.php?rest_route=\/wp\/v2\/types\/page"}],"author":[{"embeddable":true,"href":"https:\/\/www.violin-studio.pt\/index.php?rest_route=\/wp\/v2\/users\/1"}],"replies":[{"embeddable":true,"href":"https:\/\/www.violin-studio.pt\/index.php?rest_route=%2Fwp%2Fv2%2Fcomments&post=187"}],"version-history":[{"count":3,"href":"https:\/\/www.violin-studio.pt\/index.php?rest_route=\/wp\/v2\/pages\/187\/revisions"}],"predecessor-version":[{"id":438,"href":"https:\/\/www.violin-studio.pt\/index.php?rest_route=\/wp\/v2\/pages\/187\/revisions\/438"}],"wp:attachment":[{"href":"https:\/\/www.violin-studio.pt\/index.php?rest_route=%2Fwp%2Fv2%2Fmedia&parent=187"}],"curies":[{"name":"wp","href":"https:\/\/api.w.org\/{rel}","templated":true}]}}