{"id":115,"date":"2020-06-23T23:01:48","date_gmt":"2020-06-23T23:01:48","guid":{"rendered":"https:\/\/www.violin-studio.pt\/?page_id=115"},"modified":"2021-07-13T13:14:47","modified_gmt":"2021-07-13T13:14:47","slug":"property-description-deutsch","status":"publish","type":"page","link":"https:\/\/www.violin-studio.pt\/?page_id=115&lang=de","title":{"rendered":"Objektbeschreibung"},"content":{"rendered":"\n<p>Im Zentrum von Porto, nicht weit vom Stadtmarkt Bolhao und dem Oporto Coliseum entfernt, bietet Violin Studio kostenfreies WLAN, Klimaanlage und Haushaltsgegenst\u00e4nde wie ein Kochfeld und einen Wasserkocher. Das Apartment bietet einen privaten Parkplatz und liegt 2,1 km vom Ferreira Borges Market entfernt.<\/p>\n\n\n\n<p>Das Apartment verf\u00fcgt \u00fcber 1 Schlafzimmer, einen Flachbild-Kabel-TV, eine ausgestattete K\u00fcchenzeile mit K\u00fchlschrank und Backofen, eine Wunschmaschine und 1 Badezimmer mit Bidet.<\/p>\n\n\n\n<p>Der Cl\u00e9rigos Tower liegt 2,2 km von Violin Studio entfernt und die Buchhandlung Lelo erreichen Sie nach 2,4 km. Der n\u00e4chstgelegene Flughafen ist Francisco S\u00e1 Carneiro, 16 km von der Unterkunft entfernt. Die Unterkunft bietet einen kostenpflichtigen Flughafentransfer.<\/p>\n\n\n\n<p>Laut unabh\u00e4ngigen Bewertungen ist dies der Lieblingsteil unserer G\u00e4ste in Porto.<\/p>\n\n\n\n<p>Das Violin Studio befindet sich neben dem traditionellen Pra\u00e7a dos Poveiros und 5 Gehminuten vom Run de Santa Catarina entfernt, umgeben von alten Lebensmittelgesch\u00e4ften und in der N\u00e4he des ber\u00fchmten Caf\u00e9 Majestic, das f\u00fcr die Belle Epoque charakteristisch ist. Das Apartment ist mit einer Klimaanlage, einer voll ausgestatteten K\u00fcche, einer Kaffeemaschine und einem kompletten Satz hochwertiger K\u00fcchenutensilien ausgestattet, sodass Sie Ihre eigenen Mahlzeiten mit frischen Produkten zubereiten k\u00f6nnen, die Sie auf dem ber\u00fchmten Bolh\u00e2o-Markt, 4 Minuten vom Apartment entfernt, gekauft haben. Der U-Bahnhof Bolh\u00e3o liegt 300 m entfernt und bietet eine direkte Verbindung zum Flughafen Francisco S\u00e1 Carneiro. Die Hauptwohnung ist nur wenige Gehminuten von den wichtigsten Sehensw\u00fcrdigkeiten der Stadt und ihren wichtigsten BHs und Restaurants entfernt. Der U-Bahnhof Bolh\u00e3o bietet eine direkte Verbindung zum Flughafen Francisco S\u00e1 Carneiro.<\/p>\n","protected":false},"excerpt":{"rendered":"<p>Im Zentrum von Porto, nicht weit vom Stadtmarkt Bolhao und dem Oporto Coliseum entfernt, bietet Violin Studio kostenfreies WLAN, Klimaanlage und Haushaltsgegenst\u00e4nde wie ein Kochfeld und einen Wasserkocher. Das Apartment bietet einen privaten Parkplatz und liegt 2,1 km vom Ferreira Borges Market entfernt. Das Apartment verf\u00fcgt \u00fcber 1 Schlafzimmer, einen Flachbild-Kabel-TV, eine ausgestattete K\u00fcchenzeile mit &hellip; <\/p>\n<p class=\"link-more\"><a href=\"https:\/\/www.violin-studio.pt\/?page_id=115&#038;lang=de\" class=\"more-link\">Continue reading<span class=\"screen-reader-text\"> &#8220;Objektbeschreibung&#8221;<\/span><\/a><\/p>\n","protected":false},"author":1,"featured_media":0,"parent":0,"menu_order":0,"comment_status":"closed","ping_status":"closed","template":"","meta":[],"_links":{"self":[{"href":"https:\/\/www.violin-studio.pt\/index.php?rest_route=\/wp\/v2\/pages\/115"}],"collection":[{"href":"https:\/\/www.violin-studio.pt\/index.php?rest_route=\/wp\/v2\/pages"}],"about":[{"href":"https:\/\/www.violin-studio.pt\/index.php?rest_route=\/wp\/v2\/types\/page"}],"author":[{"embeddable":true,"href":"https:\/\/www.violin-studio.pt\/index.php?rest_route=\/wp\/v2\/users\/1"}],"replies":[{"embeddable":true,"href":"https:\/\/www.violin-studio.pt\/index.php?rest_route=%2Fwp%2Fv2%2Fcomments&post=115"}],"version-history":[{"count":3,"href":"https:\/\/www.violin-studio.pt\/index.php?rest_route=\/wp\/v2\/pages\/115\/revisions"}],"predecessor-version":[{"id":445,"href":"https:\/\/www.violin-studio.pt\/index.php?rest_route=\/wp\/v2\/pages\/115\/revisions\/445"}],"wp:attachment":[{"href":"https:\/\/www.violin-studio.pt\/index.php?rest_route=%2Fwp%2Fv2%2Fmedia&parent=115"}],"curies":[{"name":"wp","href":"https:\/\/api.w.org\/{rel}","templated":true}]}}